{"id":8615,"date":"2021-12-09T11:41:07","date_gmt":"2021-12-09T11:41:07","guid":{"rendered":"https:\/\/justseven.ro\/magazin\/?post_type=product&#038;p=8615"},"modified":"2025-10-23T08:53:14","modified_gmt":"2025-10-23T06:53:14","slug":"f64-evo","status":"publish","type":"product","link":"https:\/\/justseven.ro\/magazin\/product\/f64-evo\/","title":{"rendered":"F64 EVO"},"content":{"rendered":"<p>F64 EVO ofer\u0103 o m\u0103cinare fin\u0103, super rapid\u0103, pentru condi\u021bii de operare solicitante. Aceast\u0103 ma\u0219in\u0103 de slefuire inteligent\u0103, bogat\u0103 \u00een tehnologie, care are un indicator de umiditate, vine cu un ventilator \u00eencorporat, asigur\u00e2ndu-se c\u0103 lamele func\u021bioneaz\u0103 mereu rece \u0219i c\u0103 solul rezultat este la o consisten\u021b\u0103 optim\u0103.<\/p>\n<p>F64 EVO ofer\u0103 o m\u0103cinare fin\u0103, super rapid\u0103, pentru condi\u021bii de operare solicitante. Aceast\u0103 ma\u0219in\u0103 de slefuire inteligent\u0103, bogat\u0103 \u00een tehnologie, care are un indicator de umiditate, vine cu un ventilator \u00eencorporat, asigur\u00e2ndu-se c\u0103 lamele func\u021bioneaz\u0103 mereu rece \u0219i c\u0103 solul rezultat este la o consisten\u021b\u0103 optim\u0103.<\/p>\n<p>Cu o estetic\u0103 care eman\u0103 clas\u0103 italian\u0103 \u00eentr-o selec\u021bie de culori elegante, F64 EVO va avea, f\u0103r\u0103 \u00eendoial\u0103, un pumn pe orice blat \u0219i, cu un zgomot redus de func\u021bionare, nu va deranja. T\u0103iat\u0103 din o\u021bel turnat greu \u0219i cu piese extrem de durabile, este o bucat\u0103 de kit care se simte dur la atingere.<\/p>\n<p>La cerere<br \/>\nDisplay LCD digital Sharp<br \/>\nlame de 64 mm<br \/>\nFunc\u021bionalitate intuitiv\u0103 perfect optimizat\u0103<br \/>\nM\u0103cinare super rapid\u0103<br \/>\nIe\u0219ire de zgomot foarte sc\u0103zut<br \/>\nSmart-grinder: indicator de umiditate \u0219i ventilator de r\u0103cire \u00eencorporat<br \/>\nReglarea ne\u00eentrerupt\u0103 v\u0103 asigur\u0103 c\u0103 v\u0103 pute\u021bi seta m\u0103cinarea dup\u0103 preferin\u021bele dvs<br \/>\nbunc\u0103r de 1,5 kg<br \/>\nGreutate: 13 kg<br \/>\nDimensiuni: 615 x 270 x 230 mm<br \/>\nPutere: 350w<\/p>\n","protected":false},"excerpt":{"rendered":"<p>F64 EVO ofer\u0103 o m\u0103cinare fin\u0103, super rapid\u0103, pentru condi\u021bii de operare solicitante. Aceast\u0103 ma\u0219in\u0103 de slefuire inteligent\u0103, bogat\u0103 \u00een<\/p>\n","protected":false},"featured_media":8518,"comment_status":"open","ping_status":"closed","template":"","meta":[],"product_brand":[],"product_cat":[407],"product_tag":[437],"class_list":{"0":"post-8615","1":"product","2":"type-product","3":"status-publish","4":"has-post-thumbnail","6":"product_cat-aparatura-bar-2","7":"product_tag-rasnita-automata-de-cafea","8":"pa_brand-fiorenzato","10":"first","11":"instock","12":"taxable","13":"shipping-taxable","14":"product-type-variable","15":"has-default-attributes"},"yoast_head":"<!-- This site is optimized with the Yoast SEO plugin v27.4 - https:\/\/yoast.com\/product\/yoast-seo-wordpress\/ -->\n<title>F64 EVO - Just Seven<\/title>\n<meta name=\"robots\" content=\"index, follow, max-snippet:-1, max-image-preview:large, max-video-preview:-1\" \/>\n<link rel=\"canonical\" href=\"https:\/\/justseven.ro\/magazin\/product\/f64-evo\/\" \/>\n<meta property=\"og:locale\" content=\"ro_RO\" \/>\n<meta property=\"og:type\" content=\"article\" \/>\n<meta property=\"og:title\" content=\"F64 EVO - Just Seven\" \/>\n<meta property=\"og:description\" content=\"F64 EVO ofer\u0103 o m\u0103cinare fin\u0103, super rapid\u0103, pentru condi\u021bii de operare solicitante. Aceast\u0103 ma\u0219in\u0103 de slefuire inteligent\u0103, bogat\u0103 \u00een\" \/>\n<meta property=\"og:url\" content=\"https:\/\/justseven.ro\/magazin\/product\/f64-evo\/\" \/>\n<meta property=\"og:site_name\" content=\"Just Seven\" \/>\n<meta property=\"article:modified_time\" content=\"2025-10-23T06:53:14+00:00\" \/>\n<meta property=\"og:image\" content=\"https:\/\/justseven.ro\/magazin\/wp-content\/uploads\/2021\/12\/F64-Evo.png\" \/>\n\t<meta property=\"og:image:width\" content=\"667\" \/>\n\t<meta property=\"og:image:height\" content=\"1282\" \/>\n\t<meta property=\"og:image:type\" content=\"image\/png\" \/>\n<meta name=\"twitter:card\" content=\"summary_large_image\" \/>\n<meta name=\"twitter:label1\" content=\"Timp estimat pentru citire\" \/>\n\t<meta name=\"twitter:data1\" content=\"2 minute\" \/>\n<script type=\"application\/ld+json\" class=\"yoast-schema-graph\">{\"@context\":\"https:\\\/\\\/schema.org\",\"@graph\":[{\"@type\":\"WebPage\",\"@id\":\"https:\\\/\\\/justseven.ro\\\/magazin\\\/product\\\/f64-evo\\\/\",\"url\":\"https:\\\/\\\/justseven.ro\\\/magazin\\\/product\\\/f64-evo\\\/\",\"name\":\"F64 EVO - Just Seven\",\"isPartOf\":{\"@id\":\"https:\\\/\\\/justseven.ro\\\/magazin\\\/#website\"},\"primaryImageOfPage\":{\"@id\":\"https:\\\/\\\/justseven.ro\\\/magazin\\\/product\\\/f64-evo\\\/#primaryimage\"},\"image\":{\"@id\":\"https:\\\/\\\/justseven.ro\\\/magazin\\\/product\\\/f64-evo\\\/#primaryimage\"},\"thumbnailUrl\":\"https:\\\/\\\/justseven.ro\\\/magazin\\\/wp-content\\\/uploads\\\/2021\\\/12\\\/F64-Evo.png\",\"datePublished\":\"2021-12-09T11:41:07+00:00\",\"dateModified\":\"2025-10-23T06:53:14+00:00\",\"breadcrumb\":{\"@id\":\"https:\\\/\\\/justseven.ro\\\/magazin\\\/product\\\/f64-evo\\\/#breadcrumb\"},\"inLanguage\":\"ro-RO\",\"potentialAction\":[{\"@type\":\"ReadAction\",\"target\":[\"https:\\\/\\\/justseven.ro\\\/magazin\\\/product\\\/f64-evo\\\/\"]}]},{\"@type\":\"ImageObject\",\"inLanguage\":\"ro-RO\",\"@id\":\"https:\\\/\\\/justseven.ro\\\/magazin\\\/product\\\/f64-evo\\\/#primaryimage\",\"url\":\"https:\\\/\\\/justseven.ro\\\/magazin\\\/wp-content\\\/uploads\\\/2021\\\/12\\\/F64-Evo.png\",\"contentUrl\":\"https:\\\/\\\/justseven.ro\\\/magazin\\\/wp-content\\\/uploads\\\/2021\\\/12\\\/F64-Evo.png\",\"width\":667,\"height\":1282,\"caption\":\"F64 Evo\"},{\"@type\":\"BreadcrumbList\",\"@id\":\"https:\\\/\\\/justseven.ro\\\/magazin\\\/product\\\/f64-evo\\\/#breadcrumb\",\"itemListElement\":[{\"@type\":\"ListItem\",\"position\":1,\"name\":\"Home\",\"item\":\"https:\\\/\\\/justseven.ro\\\/magazin\\\/\"},{\"@type\":\"ListItem\",\"position\":2,\"name\":\"Shop\",\"item\":\"https:\\\/\\\/justseven.ro\\\/magazin\\\/shop\\\/\"},{\"@type\":\"ListItem\",\"position\":3,\"name\":\"F64 EVO\"}]},{\"@type\":\"WebSite\",\"@id\":\"https:\\\/\\\/justseven.ro\\\/magazin\\\/#website\",\"url\":\"https:\\\/\\\/justseven.ro\\\/magazin\\\/\",\"name\":\"Just Seven\",\"description\":\"Magazin Online\",\"potentialAction\":[{\"@type\":\"SearchAction\",\"target\":{\"@type\":\"EntryPoint\",\"urlTemplate\":\"https:\\\/\\\/justseven.ro\\\/magazin\\\/?s={search_term_string}\"},\"query-input\":{\"@type\":\"PropertyValueSpecification\",\"valueRequired\":true,\"valueName\":\"search_term_string\"}}],\"inLanguage\":\"ro-RO\"}]}<\/script>\n<!-- \/ Yoast SEO plugin. -->","yoast_head_json":{"title":"F64 EVO - Just Seven","robots":{"index":"index","follow":"follow","max-snippet":"max-snippet:-1","max-image-preview":"max-image-preview:large","max-video-preview":"max-video-preview:-1"},"canonical":"https:\/\/justseven.ro\/magazin\/product\/f64-evo\/","og_locale":"ro_RO","og_type":"article","og_title":"F64 EVO - Just Seven","og_description":"F64 EVO ofer\u0103 o m\u0103cinare fin\u0103, super rapid\u0103, pentru condi\u021bii de operare solicitante. Aceast\u0103 ma\u0219in\u0103 de slefuire inteligent\u0103, bogat\u0103 \u00een","og_url":"https:\/\/justseven.ro\/magazin\/product\/f64-evo\/","og_site_name":"Just Seven","article_modified_time":"2025-10-23T06:53:14+00:00","og_image":[{"width":667,"height":1282,"url":"https:\/\/justseven.ro\/magazin\/wp-content\/uploads\/2021\/12\/F64-Evo.png","type":"image\/png"}],"twitter_card":"summary_large_image","twitter_misc":{"Timp estimat pentru citire":"2 minute"},"schema":{"@context":"https:\/\/schema.org","@graph":[{"@type":"WebPage","@id":"https:\/\/justseven.ro\/magazin\/product\/f64-evo\/","url":"https:\/\/justseven.ro\/magazin\/product\/f64-evo\/","name":"F64 EVO - Just Seven","isPartOf":{"@id":"https:\/\/justseven.ro\/magazin\/#website"},"primaryImageOfPage":{"@id":"https:\/\/justseven.ro\/magazin\/product\/f64-evo\/#primaryimage"},"image":{"@id":"https:\/\/justseven.ro\/magazin\/product\/f64-evo\/#primaryimage"},"thumbnailUrl":"https:\/\/justseven.ro\/magazin\/wp-content\/uploads\/2021\/12\/F64-Evo.png","datePublished":"2021-12-09T11:41:07+00:00","dateModified":"2025-10-23T06:53:14+00:00","breadcrumb":{"@id":"https:\/\/justseven.ro\/magazin\/product\/f64-evo\/#breadcrumb"},"inLanguage":"ro-RO","potentialAction":[{"@type":"ReadAction","target":["https:\/\/justseven.ro\/magazin\/product\/f64-evo\/"]}]},{"@type":"ImageObject","inLanguage":"ro-RO","@id":"https:\/\/justseven.ro\/magazin\/product\/f64-evo\/#primaryimage","url":"https:\/\/justseven.ro\/magazin\/wp-content\/uploads\/2021\/12\/F64-Evo.png","contentUrl":"https:\/\/justseven.ro\/magazin\/wp-content\/uploads\/2021\/12\/F64-Evo.png","width":667,"height":1282,"caption":"F64 Evo"},{"@type":"BreadcrumbList","@id":"https:\/\/justseven.ro\/magazin\/product\/f64-evo\/#breadcrumb","itemListElement":[{"@type":"ListItem","position":1,"name":"Home","item":"https:\/\/justseven.ro\/magazin\/"},{"@type":"ListItem","position":2,"name":"Shop","item":"https:\/\/justseven.ro\/magazin\/shop\/"},{"@type":"ListItem","position":3,"name":"F64 EVO"}]},{"@type":"WebSite","@id":"https:\/\/justseven.ro\/magazin\/#website","url":"https:\/\/justseven.ro\/magazin\/","name":"Just Seven","description":"Magazin Online","potentialAction":[{"@type":"SearchAction","target":{"@type":"EntryPoint","urlTemplate":"https:\/\/justseven.ro\/magazin\/?s={search_term_string}"},"query-input":{"@type":"PropertyValueSpecification","valueRequired":true,"valueName":"search_term_string"}}],"inLanguage":"ro-RO"}]}},"_links":{"self":[{"href":"https:\/\/justseven.ro\/magazin\/wp-json\/wp\/v2\/product\/8615","targetHints":{"allow":["GET"]}}],"collection":[{"href":"https:\/\/justseven.ro\/magazin\/wp-json\/wp\/v2\/product"}],"about":[{"href":"https:\/\/justseven.ro\/magazin\/wp-json\/wp\/v2\/types\/product"}],"replies":[{"embeddable":true,"href":"https:\/\/justseven.ro\/magazin\/wp-json\/wp\/v2\/comments?post=8615"}],"version-history":[{"count":3,"href":"https:\/\/justseven.ro\/magazin\/wp-json\/wp\/v2\/product\/8615\/revisions"}],"predecessor-version":[{"id":11572,"href":"https:\/\/justseven.ro\/magazin\/wp-json\/wp\/v2\/product\/8615\/revisions\/11572"}],"wp:featuredmedia":[{"embeddable":true,"href":"https:\/\/justseven.ro\/magazin\/wp-json\/wp\/v2\/media\/8518"}],"wp:attachment":[{"href":"https:\/\/justseven.ro\/magazin\/wp-json\/wp\/v2\/media?parent=8615"}],"wp:term":[{"taxonomy":"product_brand","embeddable":true,"href":"https:\/\/justseven.ro\/magazin\/wp-json\/wp\/v2\/product_brand?post=8615"},{"taxonomy":"product_cat","embeddable":true,"href":"https:\/\/justseven.ro\/magazin\/wp-json\/wp\/v2\/product_cat?post=8615"},{"taxonomy":"product_tag","embeddable":true,"href":"https:\/\/justseven.ro\/magazin\/wp-json\/wp\/v2\/product_tag?post=8615"}],"curies":[{"name":"wp","href":"https:\/\/api.w.org\/{rel}","templated":true}]}}