{"id":9268,"date":"2021-12-21T09:11:50","date_gmt":"2021-12-21T09:11:50","guid":{"rendered":"https:\/\/justseven.ro\/magazin\/?post_type=product&#038;p=9268"},"modified":"2025-10-22T12:40:31","modified_gmt":"2025-10-22T10:40:31","slug":"thermometer","status":"publish","type":"product","link":"https:\/\/justseven.ro\/magazin\/product\/thermometer\/","title":{"rendered":"Thermometer"},"content":{"rendered":"<p>Termometrele sunt instrumente esen\u021biale \u00een prepararea precis\u0103 a cafelei \u0219i a altor b\u0103uturi calde. Acestea permit baristilor \u0219i buc\u0103tarilor s\u0103 monitorizeze \u0219i s\u0103 controleze temperatura laptelui, apei sau a altor lichide, asigur\u00e2nd astfel calitatea \u0219i consisten\u021ba b\u0103uturilor servite. U\u0219or de citit \u0219i de utilizat, termometrele sunt un ajutor de n\u0103dejde \u00een orice buc\u0103t\u0103rie sau cafenea.<\/p>\n","protected":false},"excerpt":{"rendered":"<p>Termometrele sunt instrumente esen\u021biale \u00een prepararea precis\u0103 a cafelei \u0219i a altor b\u0103uturi calde. Acestea permit baristilor \u0219i buc\u0103tarilor s\u0103<\/p>\n","protected":false},"featured_media":11119,"comment_status":"open","ping_status":"closed","template":"","meta":[],"product_brand":[],"product_cat":[399],"product_tag":[436],"class_list":{"0":"post-9268","1":"product","2":"type-product","3":"status-publish","4":"has-post-thumbnail","6":"product_cat-consumabile","7":"product_tag-accesorii-barista","8":"pa_brand-jstseven","10":"first","11":"instock","12":"taxable","13":"shipping-taxable","14":"purchasable","15":"product-type-simple"},"yoast_head":"<!-- This site is optimized with the Yoast SEO plugin v27.4 - https:\/\/yoast.com\/product\/yoast-seo-wordpress\/ -->\n<title>Thermometer - Just Seven<\/title>\n<meta name=\"robots\" content=\"index, follow, max-snippet:-1, max-image-preview:large, max-video-preview:-1\" \/>\n<link rel=\"canonical\" href=\"https:\/\/justseven.ro\/magazin\/product\/thermometer\/\" \/>\n<meta property=\"og:locale\" content=\"ro_RO\" \/>\n<meta property=\"og:type\" content=\"article\" \/>\n<meta property=\"og:title\" content=\"Thermometer - Just Seven\" \/>\n<meta property=\"og:description\" content=\"Termometrele sunt instrumente esen\u021biale \u00een prepararea precis\u0103 a cafelei \u0219i a altor b\u0103uturi calde. Acestea permit baristilor \u0219i buc\u0103tarilor s\u0103\" \/>\n<meta property=\"og:url\" content=\"https:\/\/justseven.ro\/magazin\/product\/thermometer\/\" \/>\n<meta property=\"og:site_name\" content=\"Just Seven\" \/>\n<meta property=\"article:modified_time\" content=\"2025-10-22T10:40:31+00:00\" \/>\n<meta property=\"og:image\" content=\"https:\/\/justseven.ro\/magazin\/wp-content\/uploads\/2023\/05\/Justseven-HORECA-SOLUTIONS-48pg-bleed.pdf-28.png\" \/>\n\t<meta property=\"og:image:width\" content=\"989\" \/>\n\t<meta property=\"og:image:height\" content=\"1265\" \/>\n\t<meta property=\"og:image:type\" content=\"image\/png\" \/>\n<meta name=\"twitter:card\" content=\"summary_large_image\" \/>\n<meta name=\"twitter:label1\" content=\"Timp estimat pentru citire\" \/>\n\t<meta name=\"twitter:data1\" content=\"1 minut\" \/>\n<script type=\"application\/ld+json\" class=\"yoast-schema-graph\">{\"@context\":\"https:\\\/\\\/schema.org\",\"@graph\":[{\"@type\":\"WebPage\",\"@id\":\"https:\\\/\\\/justseven.ro\\\/magazin\\\/product\\\/thermometer\\\/\",\"url\":\"https:\\\/\\\/justseven.ro\\\/magazin\\\/product\\\/thermometer\\\/\",\"name\":\"Thermometer - Just Seven\",\"isPartOf\":{\"@id\":\"https:\\\/\\\/justseven.ro\\\/magazin\\\/#website\"},\"primaryImageOfPage\":{\"@id\":\"https:\\\/\\\/justseven.ro\\\/magazin\\\/product\\\/thermometer\\\/#primaryimage\"},\"image\":{\"@id\":\"https:\\\/\\\/justseven.ro\\\/magazin\\\/product\\\/thermometer\\\/#primaryimage\"},\"thumbnailUrl\":\"https:\\\/\\\/justseven.ro\\\/magazin\\\/wp-content\\\/uploads\\\/2023\\\/05\\\/Justseven-HORECA-SOLUTIONS-48pg-bleed.pdf-28.png\",\"datePublished\":\"2021-12-21T09:11:50+00:00\",\"dateModified\":\"2025-10-22T10:40:31+00:00\",\"breadcrumb\":{\"@id\":\"https:\\\/\\\/justseven.ro\\\/magazin\\\/product\\\/thermometer\\\/#breadcrumb\"},\"inLanguage\":\"ro-RO\",\"potentialAction\":[{\"@type\":\"ReadAction\",\"target\":[\"https:\\\/\\\/justseven.ro\\\/magazin\\\/product\\\/thermometer\\\/\"]}]},{\"@type\":\"ImageObject\",\"inLanguage\":\"ro-RO\",\"@id\":\"https:\\\/\\\/justseven.ro\\\/magazin\\\/product\\\/thermometer\\\/#primaryimage\",\"url\":\"https:\\\/\\\/justseven.ro\\\/magazin\\\/wp-content\\\/uploads\\\/2023\\\/05\\\/Justseven-HORECA-SOLUTIONS-48pg-bleed.pdf-28.png\",\"contentUrl\":\"https:\\\/\\\/justseven.ro\\\/magazin\\\/wp-content\\\/uploads\\\/2023\\\/05\\\/Justseven-HORECA-SOLUTIONS-48pg-bleed.pdf-28.png\",\"width\":989,\"height\":1265},{\"@type\":\"BreadcrumbList\",\"@id\":\"https:\\\/\\\/justseven.ro\\\/magazin\\\/product\\\/thermometer\\\/#breadcrumb\",\"itemListElement\":[{\"@type\":\"ListItem\",\"position\":1,\"name\":\"Home\",\"item\":\"https:\\\/\\\/justseven.ro\\\/magazin\\\/\"},{\"@type\":\"ListItem\",\"position\":2,\"name\":\"Shop\",\"item\":\"https:\\\/\\\/justseven.ro\\\/magazin\\\/shop\\\/\"},{\"@type\":\"ListItem\",\"position\":3,\"name\":\"Thermometer\"}]},{\"@type\":\"WebSite\",\"@id\":\"https:\\\/\\\/justseven.ro\\\/magazin\\\/#website\",\"url\":\"https:\\\/\\\/justseven.ro\\\/magazin\\\/\",\"name\":\"Just Seven\",\"description\":\"Magazin Online\",\"potentialAction\":[{\"@type\":\"SearchAction\",\"target\":{\"@type\":\"EntryPoint\",\"urlTemplate\":\"https:\\\/\\\/justseven.ro\\\/magazin\\\/?s={search_term_string}\"},\"query-input\":{\"@type\":\"PropertyValueSpecification\",\"valueRequired\":true,\"valueName\":\"search_term_string\"}}],\"inLanguage\":\"ro-RO\"}]}<\/script>\n<!-- \/ Yoast SEO plugin. -->","yoast_head_json":{"title":"Thermometer - Just Seven","robots":{"index":"index","follow":"follow","max-snippet":"max-snippet:-1","max-image-preview":"max-image-preview:large","max-video-preview":"max-video-preview:-1"},"canonical":"https:\/\/justseven.ro\/magazin\/product\/thermometer\/","og_locale":"ro_RO","og_type":"article","og_title":"Thermometer - Just Seven","og_description":"Termometrele sunt instrumente esen\u021biale \u00een prepararea precis\u0103 a cafelei \u0219i a altor b\u0103uturi calde. Acestea permit baristilor \u0219i buc\u0103tarilor s\u0103","og_url":"https:\/\/justseven.ro\/magazin\/product\/thermometer\/","og_site_name":"Just Seven","article_modified_time":"2025-10-22T10:40:31+00:00","og_image":[{"width":989,"height":1265,"url":"https:\/\/justseven.ro\/magazin\/wp-content\/uploads\/2023\/05\/Justseven-HORECA-SOLUTIONS-48pg-bleed.pdf-28.png","type":"image\/png"}],"twitter_card":"summary_large_image","twitter_misc":{"Timp estimat pentru citire":"1 minut"},"schema":{"@context":"https:\/\/schema.org","@graph":[{"@type":"WebPage","@id":"https:\/\/justseven.ro\/magazin\/product\/thermometer\/","url":"https:\/\/justseven.ro\/magazin\/product\/thermometer\/","name":"Thermometer - Just Seven","isPartOf":{"@id":"https:\/\/justseven.ro\/magazin\/#website"},"primaryImageOfPage":{"@id":"https:\/\/justseven.ro\/magazin\/product\/thermometer\/#primaryimage"},"image":{"@id":"https:\/\/justseven.ro\/magazin\/product\/thermometer\/#primaryimage"},"thumbnailUrl":"https:\/\/justseven.ro\/magazin\/wp-content\/uploads\/2023\/05\/Justseven-HORECA-SOLUTIONS-48pg-bleed.pdf-28.png","datePublished":"2021-12-21T09:11:50+00:00","dateModified":"2025-10-22T10:40:31+00:00","breadcrumb":{"@id":"https:\/\/justseven.ro\/magazin\/product\/thermometer\/#breadcrumb"},"inLanguage":"ro-RO","potentialAction":[{"@type":"ReadAction","target":["https:\/\/justseven.ro\/magazin\/product\/thermometer\/"]}]},{"@type":"ImageObject","inLanguage":"ro-RO","@id":"https:\/\/justseven.ro\/magazin\/product\/thermometer\/#primaryimage","url":"https:\/\/justseven.ro\/magazin\/wp-content\/uploads\/2023\/05\/Justseven-HORECA-SOLUTIONS-48pg-bleed.pdf-28.png","contentUrl":"https:\/\/justseven.ro\/magazin\/wp-content\/uploads\/2023\/05\/Justseven-HORECA-SOLUTIONS-48pg-bleed.pdf-28.png","width":989,"height":1265},{"@type":"BreadcrumbList","@id":"https:\/\/justseven.ro\/magazin\/product\/thermometer\/#breadcrumb","itemListElement":[{"@type":"ListItem","position":1,"name":"Home","item":"https:\/\/justseven.ro\/magazin\/"},{"@type":"ListItem","position":2,"name":"Shop","item":"https:\/\/justseven.ro\/magazin\/shop\/"},{"@type":"ListItem","position":3,"name":"Thermometer"}]},{"@type":"WebSite","@id":"https:\/\/justseven.ro\/magazin\/#website","url":"https:\/\/justseven.ro\/magazin\/","name":"Just Seven","description":"Magazin Online","potentialAction":[{"@type":"SearchAction","target":{"@type":"EntryPoint","urlTemplate":"https:\/\/justseven.ro\/magazin\/?s={search_term_string}"},"query-input":{"@type":"PropertyValueSpecification","valueRequired":true,"valueName":"search_term_string"}}],"inLanguage":"ro-RO"}]}},"_links":{"self":[{"href":"https:\/\/justseven.ro\/magazin\/wp-json\/wp\/v2\/product\/9268","targetHints":{"allow":["GET"]}}],"collection":[{"href":"https:\/\/justseven.ro\/magazin\/wp-json\/wp\/v2\/product"}],"about":[{"href":"https:\/\/justseven.ro\/magazin\/wp-json\/wp\/v2\/types\/product"}],"replies":[{"embeddable":true,"href":"https:\/\/justseven.ro\/magazin\/wp-json\/wp\/v2\/comments?post=9268"}],"version-history":[{"count":2,"href":"https:\/\/justseven.ro\/magazin\/wp-json\/wp\/v2\/product\/9268\/revisions"}],"predecessor-version":[{"id":11072,"href":"https:\/\/justseven.ro\/magazin\/wp-json\/wp\/v2\/product\/9268\/revisions\/11072"}],"wp:featuredmedia":[{"embeddable":true,"href":"https:\/\/justseven.ro\/magazin\/wp-json\/wp\/v2\/media\/11119"}],"wp:attachment":[{"href":"https:\/\/justseven.ro\/magazin\/wp-json\/wp\/v2\/media?parent=9268"}],"wp:term":[{"taxonomy":"product_brand","embeddable":true,"href":"https:\/\/justseven.ro\/magazin\/wp-json\/wp\/v2\/product_brand?post=9268"},{"taxonomy":"product_cat","embeddable":true,"href":"https:\/\/justseven.ro\/magazin\/wp-json\/wp\/v2\/product_cat?post=9268"},{"taxonomy":"product_tag","embeddable":true,"href":"https:\/\/justseven.ro\/magazin\/wp-json\/wp\/v2\/product_tag?post=9268"}],"curies":[{"name":"wp","href":"https:\/\/api.w.org\/{rel}","templated":true}]}}