{"id":9852,"date":"2023-05-11T10:50:41","date_gmt":"2023-05-11T10:50:41","guid":{"rendered":"https:\/\/justseven.ro\/magazin\/product\/chocolate-sugar-shaker\/"},"modified":"2025-10-22T12:40:36","modified_gmt":"2025-10-22T10:40:36","slug":"chocolate-sugar-shaker","status":"publish","type":"product","link":"https:\/\/justseven.ro\/magazin\/product\/chocolate-sugar-shaker\/","title":{"rendered":"Chocolate &#038; Sugar shaker"},"content":{"rendered":"<p>Sita pentru ciocolat\u0103 \u0219i zah\u0103r este perfect\u0103 pentru a ad\u0103uga un finisaj dulce \u0219i atr\u0103g\u0103tor b\u0103uturilor \u0219i deserturilor. Ideal\u0103 pentru a pres\u0103ra ciocolat\u0103 sau zah\u0103r pudr\u0103 peste cappuccino, latte sau deserturi, aceast\u0103 sit\u0103 este un accesoriu indispensabil \u00een orice cafenea sau buc\u0103t\u0103rie.<\/p>\n","protected":false},"excerpt":{"rendered":"<p>Sita pentru ciocolat\u0103 \u0219i zah\u0103r este perfect\u0103 pentru a ad\u0103uga un finisaj dulce \u0219i atr\u0103g\u0103tor b\u0103uturilor \u0219i deserturilor. Ideal\u0103 pentru<\/p>\n","protected":false},"featured_media":11118,"comment_status":"closed","ping_status":"closed","template":"","meta":[],"product_brand":[],"product_cat":[399],"product_tag":[436],"class_list":{"0":"post-9852","1":"product","2":"type-product","3":"status-publish","4":"has-post-thumbnail","6":"product_cat-consumabile","7":"product_tag-accesorii-barista","8":"pa_brand-jstseven","10":"first","11":"instock","12":"taxable","13":"shipping-taxable","14":"product-type-simple"},"yoast_head":"<!-- This site is optimized with the Yoast SEO plugin v27.4 - https:\/\/yoast.com\/product\/yoast-seo-wordpress\/ -->\n<title>Chocolate &amp; Sugar shaker - Just Seven<\/title>\n<meta name=\"robots\" content=\"index, follow, max-snippet:-1, max-image-preview:large, max-video-preview:-1\" \/>\n<link rel=\"canonical\" href=\"https:\/\/justseven.ro\/magazin\/product\/chocolate-sugar-shaker\/\" \/>\n<meta property=\"og:locale\" content=\"ro_RO\" \/>\n<meta property=\"og:type\" content=\"article\" \/>\n<meta property=\"og:title\" content=\"Chocolate &amp; Sugar shaker - Just Seven\" \/>\n<meta property=\"og:description\" content=\"Sita pentru ciocolat\u0103 \u0219i zah\u0103r este perfect\u0103 pentru a ad\u0103uga un finisaj dulce \u0219i atr\u0103g\u0103tor b\u0103uturilor \u0219i deserturilor. Ideal\u0103 pentru\" \/>\n<meta property=\"og:url\" content=\"https:\/\/justseven.ro\/magazin\/product\/chocolate-sugar-shaker\/\" \/>\n<meta property=\"og:site_name\" content=\"Just Seven\" \/>\n<meta property=\"article:modified_time\" content=\"2025-10-22T10:40:36+00:00\" \/>\n<meta property=\"og:image\" content=\"https:\/\/justseven.ro\/magazin\/wp-content\/uploads\/2023\/05\/Justseven-HORECA-SOLUTIONS-48pg-bleed.pdf-29.png\" \/>\n\t<meta property=\"og:image:width\" content=\"989\" \/>\n\t<meta property=\"og:image:height\" content=\"1265\" \/>\n\t<meta property=\"og:image:type\" content=\"image\/png\" \/>\n<meta name=\"twitter:card\" content=\"summary_large_image\" \/>\n<meta name=\"twitter:label1\" content=\"Timp estimat pentru citire\" \/>\n\t<meta name=\"twitter:data1\" content=\"1 minut\" \/>\n<script type=\"application\/ld+json\" class=\"yoast-schema-graph\">{\"@context\":\"https:\\\/\\\/schema.org\",\"@graph\":[{\"@type\":\"WebPage\",\"@id\":\"https:\\\/\\\/justseven.ro\\\/magazin\\\/product\\\/chocolate-sugar-shaker\\\/\",\"url\":\"https:\\\/\\\/justseven.ro\\\/magazin\\\/product\\\/chocolate-sugar-shaker\\\/\",\"name\":\"Chocolate & Sugar shaker - Just Seven\",\"isPartOf\":{\"@id\":\"https:\\\/\\\/justseven.ro\\\/magazin\\\/#website\"},\"primaryImageOfPage\":{\"@id\":\"https:\\\/\\\/justseven.ro\\\/magazin\\\/product\\\/chocolate-sugar-shaker\\\/#primaryimage\"},\"image\":{\"@id\":\"https:\\\/\\\/justseven.ro\\\/magazin\\\/product\\\/chocolate-sugar-shaker\\\/#primaryimage\"},\"thumbnailUrl\":\"https:\\\/\\\/justseven.ro\\\/magazin\\\/wp-content\\\/uploads\\\/2023\\\/05\\\/Justseven-HORECA-SOLUTIONS-48pg-bleed.pdf-29.png\",\"datePublished\":\"2023-05-11T10:50:41+00:00\",\"dateModified\":\"2025-10-22T10:40:36+00:00\",\"breadcrumb\":{\"@id\":\"https:\\\/\\\/justseven.ro\\\/magazin\\\/product\\\/chocolate-sugar-shaker\\\/#breadcrumb\"},\"inLanguage\":\"ro-RO\",\"potentialAction\":[{\"@type\":\"ReadAction\",\"target\":[\"https:\\\/\\\/justseven.ro\\\/magazin\\\/product\\\/chocolate-sugar-shaker\\\/\"]}]},{\"@type\":\"ImageObject\",\"inLanguage\":\"ro-RO\",\"@id\":\"https:\\\/\\\/justseven.ro\\\/magazin\\\/product\\\/chocolate-sugar-shaker\\\/#primaryimage\",\"url\":\"https:\\\/\\\/justseven.ro\\\/magazin\\\/wp-content\\\/uploads\\\/2023\\\/05\\\/Justseven-HORECA-SOLUTIONS-48pg-bleed.pdf-29.png\",\"contentUrl\":\"https:\\\/\\\/justseven.ro\\\/magazin\\\/wp-content\\\/uploads\\\/2023\\\/05\\\/Justseven-HORECA-SOLUTIONS-48pg-bleed.pdf-29.png\",\"width\":989,\"height\":1265},{\"@type\":\"BreadcrumbList\",\"@id\":\"https:\\\/\\\/justseven.ro\\\/magazin\\\/product\\\/chocolate-sugar-shaker\\\/#breadcrumb\",\"itemListElement\":[{\"@type\":\"ListItem\",\"position\":1,\"name\":\"Home\",\"item\":\"https:\\\/\\\/justseven.ro\\\/magazin\\\/\"},{\"@type\":\"ListItem\",\"position\":2,\"name\":\"Shop\",\"item\":\"https:\\\/\\\/justseven.ro\\\/magazin\\\/shop\\\/\"},{\"@type\":\"ListItem\",\"position\":3,\"name\":\"Chocolate &#038; Sugar shaker\"}]},{\"@type\":\"WebSite\",\"@id\":\"https:\\\/\\\/justseven.ro\\\/magazin\\\/#website\",\"url\":\"https:\\\/\\\/justseven.ro\\\/magazin\\\/\",\"name\":\"Just Seven\",\"description\":\"Magazin Online\",\"potentialAction\":[{\"@type\":\"SearchAction\",\"target\":{\"@type\":\"EntryPoint\",\"urlTemplate\":\"https:\\\/\\\/justseven.ro\\\/magazin\\\/?s={search_term_string}\"},\"query-input\":{\"@type\":\"PropertyValueSpecification\",\"valueRequired\":true,\"valueName\":\"search_term_string\"}}],\"inLanguage\":\"ro-RO\"}]}<\/script>\n<!-- \/ Yoast SEO plugin. -->","yoast_head_json":{"title":"Chocolate & Sugar shaker - Just Seven","robots":{"index":"index","follow":"follow","max-snippet":"max-snippet:-1","max-image-preview":"max-image-preview:large","max-video-preview":"max-video-preview:-1"},"canonical":"https:\/\/justseven.ro\/magazin\/product\/chocolate-sugar-shaker\/","og_locale":"ro_RO","og_type":"article","og_title":"Chocolate & Sugar shaker - Just Seven","og_description":"Sita pentru ciocolat\u0103 \u0219i zah\u0103r este perfect\u0103 pentru a ad\u0103uga un finisaj dulce \u0219i atr\u0103g\u0103tor b\u0103uturilor \u0219i deserturilor. Ideal\u0103 pentru","og_url":"https:\/\/justseven.ro\/magazin\/product\/chocolate-sugar-shaker\/","og_site_name":"Just Seven","article_modified_time":"2025-10-22T10:40:36+00:00","og_image":[{"width":989,"height":1265,"url":"https:\/\/justseven.ro\/magazin\/wp-content\/uploads\/2023\/05\/Justseven-HORECA-SOLUTIONS-48pg-bleed.pdf-29.png","type":"image\/png"}],"twitter_card":"summary_large_image","twitter_misc":{"Timp estimat pentru citire":"1 minut"},"schema":{"@context":"https:\/\/schema.org","@graph":[{"@type":"WebPage","@id":"https:\/\/justseven.ro\/magazin\/product\/chocolate-sugar-shaker\/","url":"https:\/\/justseven.ro\/magazin\/product\/chocolate-sugar-shaker\/","name":"Chocolate & Sugar shaker - Just Seven","isPartOf":{"@id":"https:\/\/justseven.ro\/magazin\/#website"},"primaryImageOfPage":{"@id":"https:\/\/justseven.ro\/magazin\/product\/chocolate-sugar-shaker\/#primaryimage"},"image":{"@id":"https:\/\/justseven.ro\/magazin\/product\/chocolate-sugar-shaker\/#primaryimage"},"thumbnailUrl":"https:\/\/justseven.ro\/magazin\/wp-content\/uploads\/2023\/05\/Justseven-HORECA-SOLUTIONS-48pg-bleed.pdf-29.png","datePublished":"2023-05-11T10:50:41+00:00","dateModified":"2025-10-22T10:40:36+00:00","breadcrumb":{"@id":"https:\/\/justseven.ro\/magazin\/product\/chocolate-sugar-shaker\/#breadcrumb"},"inLanguage":"ro-RO","potentialAction":[{"@type":"ReadAction","target":["https:\/\/justseven.ro\/magazin\/product\/chocolate-sugar-shaker\/"]}]},{"@type":"ImageObject","inLanguage":"ro-RO","@id":"https:\/\/justseven.ro\/magazin\/product\/chocolate-sugar-shaker\/#primaryimage","url":"https:\/\/justseven.ro\/magazin\/wp-content\/uploads\/2023\/05\/Justseven-HORECA-SOLUTIONS-48pg-bleed.pdf-29.png","contentUrl":"https:\/\/justseven.ro\/magazin\/wp-content\/uploads\/2023\/05\/Justseven-HORECA-SOLUTIONS-48pg-bleed.pdf-29.png","width":989,"height":1265},{"@type":"BreadcrumbList","@id":"https:\/\/justseven.ro\/magazin\/product\/chocolate-sugar-shaker\/#breadcrumb","itemListElement":[{"@type":"ListItem","position":1,"name":"Home","item":"https:\/\/justseven.ro\/magazin\/"},{"@type":"ListItem","position":2,"name":"Shop","item":"https:\/\/justseven.ro\/magazin\/shop\/"},{"@type":"ListItem","position":3,"name":"Chocolate &#038; Sugar shaker"}]},{"@type":"WebSite","@id":"https:\/\/justseven.ro\/magazin\/#website","url":"https:\/\/justseven.ro\/magazin\/","name":"Just Seven","description":"Magazin Online","potentialAction":[{"@type":"SearchAction","target":{"@type":"EntryPoint","urlTemplate":"https:\/\/justseven.ro\/magazin\/?s={search_term_string}"},"query-input":{"@type":"PropertyValueSpecification","valueRequired":true,"valueName":"search_term_string"}}],"inLanguage":"ro-RO"}]}},"_links":{"self":[{"href":"https:\/\/justseven.ro\/magazin\/wp-json\/wp\/v2\/product\/9852","targetHints":{"allow":["GET"]}}],"collection":[{"href":"https:\/\/justseven.ro\/magazin\/wp-json\/wp\/v2\/product"}],"about":[{"href":"https:\/\/justseven.ro\/magazin\/wp-json\/wp\/v2\/types\/product"}],"replies":[{"embeddable":true,"href":"https:\/\/justseven.ro\/magazin\/wp-json\/wp\/v2\/comments?post=9852"}],"version-history":[{"count":2,"href":"https:\/\/justseven.ro\/magazin\/wp-json\/wp\/v2\/product\/9852\/revisions"}],"predecessor-version":[{"id":11078,"href":"https:\/\/justseven.ro\/magazin\/wp-json\/wp\/v2\/product\/9852\/revisions\/11078"}],"wp:featuredmedia":[{"embeddable":true,"href":"https:\/\/justseven.ro\/magazin\/wp-json\/wp\/v2\/media\/11118"}],"wp:attachment":[{"href":"https:\/\/justseven.ro\/magazin\/wp-json\/wp\/v2\/media?parent=9852"}],"wp:term":[{"taxonomy":"product_brand","embeddable":true,"href":"https:\/\/justseven.ro\/magazin\/wp-json\/wp\/v2\/product_brand?post=9852"},{"taxonomy":"product_cat","embeddable":true,"href":"https:\/\/justseven.ro\/magazin\/wp-json\/wp\/v2\/product_cat?post=9852"},{"taxonomy":"product_tag","embeddable":true,"href":"https:\/\/justseven.ro\/magazin\/wp-json\/wp\/v2\/product_tag?post=9852"}],"curies":[{"name":"wp","href":"https:\/\/api.w.org\/{rel}","templated":true}]}}