{"id":9867,"date":"2023-05-11T10:50:54","date_gmt":"2023-05-11T10:50:54","guid":{"rendered":"https:\/\/justseven.ro\/magazin\/product\/compass-2-mb\/"},"modified":"2025-10-23T08:50:33","modified_gmt":"2025-10-23T06:50:33","slug":"compass-2-mb","status":"publish","type":"product","link":"https:\/\/justseven.ro\/magazin\/product\/compass-2-mb\/","title":{"rendered":"COMPASS 2 MB"},"content":{"rendered":"<p>Acest model \u00ee\u021bi pune afacerea pe hart\u0103! Aparatul Compass permite baristilor s\u0103 \u00ee\u0219i ating\u0103 \u00eentregul poten\u021bial creativ. Este instrumentul perfect pentru servirea cafelei dup\u0103 cafea, cea\u0219c\u0103 dup\u0103 cea\u0219c\u0103, facilit\u00e2nd adaptarea oric\u0103rui parametru la caracteristicile cafelelor de specialitate sau ale amestecurilor speciale.<\/p>\n","protected":false},"excerpt":{"rendered":"<p>Acest model \u00ee\u021bi pune afacerea pe hart\u0103! Aparatul Compass permite baristilor s\u0103 \u00ee\u0219i ating\u0103 \u00eentregul poten\u021bial creativ. Este instrumentul perfect<\/p>\n","protected":false},"featured_media":9869,"comment_status":"closed","ping_status":"closed","template":"","meta":[],"product_brand":[],"product_cat":[407],"product_tag":[431],"class_list":{"0":"post-9867","1":"product","2":"type-product","3":"status-publish","4":"has-post-thumbnail","6":"product_cat-aparatura-bar-2","7":"product_tag-aparate-espresso","8":"pa_brand-fiamma","10":"first","11":"instock","12":"taxable","13":"shipping-taxable","14":"product-type-simple"},"yoast_head":"<!-- This site is optimized with the Yoast SEO plugin v27.5 - https:\/\/yoast.com\/product\/yoast-seo-wordpress\/ -->\n<title>COMPASS 2 MB - Just Seven<\/title>\n<meta name=\"robots\" content=\"index, follow, max-snippet:-1, max-image-preview:large, max-video-preview:-1\" \/>\n<link rel=\"canonical\" href=\"https:\/\/justseven.ro\/magazin\/product\/compass-2-mb\/\" \/>\n<meta property=\"og:locale\" content=\"ro_RO\" \/>\n<meta property=\"og:type\" content=\"article\" \/>\n<meta property=\"og:title\" content=\"COMPASS 2 MB - Just Seven\" \/>\n<meta property=\"og:description\" content=\"Acest model \u00ee\u021bi pune afacerea pe hart\u0103! Aparatul Compass permite baristilor s\u0103 \u00ee\u0219i ating\u0103 \u00eentregul poten\u021bial creativ. Este instrumentul perfect\" \/>\n<meta property=\"og:url\" content=\"https:\/\/justseven.ro\/magazin\/product\/compass-2-mb\/\" \/>\n<meta property=\"og:site_name\" content=\"Just Seven\" \/>\n<meta property=\"article:modified_time\" content=\"2025-10-23T06:50:33+00:00\" \/>\n<meta property=\"og:image\" content=\"https:\/\/justseven.ro\/magazin\/wp-content\/uploads\/2023\/05\/compass-mb.png\" \/>\n\t<meta property=\"og:image:width\" content=\"545\" \/>\n\t<meta property=\"og:image:height\" content=\"381\" \/>\n\t<meta property=\"og:image:type\" content=\"image\/png\" \/>\n<meta name=\"twitter:card\" content=\"summary_large_image\" \/>\n<script type=\"application\/ld+json\" class=\"yoast-schema-graph\">{\"@context\":\"https:\\\/\\\/schema.org\",\"@graph\":[{\"@type\":\"WebPage\",\"@id\":\"https:\\\/\\\/justseven.ro\\\/magazin\\\/product\\\/compass-2-mb\\\/\",\"url\":\"https:\\\/\\\/justseven.ro\\\/magazin\\\/product\\\/compass-2-mb\\\/\",\"name\":\"COMPASS 2 MB - Just Seven\",\"isPartOf\":{\"@id\":\"https:\\\/\\\/justseven.ro\\\/magazin\\\/#website\"},\"primaryImageOfPage\":{\"@id\":\"https:\\\/\\\/justseven.ro\\\/magazin\\\/product\\\/compass-2-mb\\\/#primaryimage\"},\"image\":{\"@id\":\"https:\\\/\\\/justseven.ro\\\/magazin\\\/product\\\/compass-2-mb\\\/#primaryimage\"},\"thumbnailUrl\":\"https:\\\/\\\/justseven.ro\\\/magazin\\\/wp-content\\\/uploads\\\/2023\\\/05\\\/compass-mb.png\",\"datePublished\":\"2023-05-11T10:50:54+00:00\",\"dateModified\":\"2025-10-23T06:50:33+00:00\",\"breadcrumb\":{\"@id\":\"https:\\\/\\\/justseven.ro\\\/magazin\\\/product\\\/compass-2-mb\\\/#breadcrumb\"},\"inLanguage\":\"ro-RO\",\"potentialAction\":[{\"@type\":\"ReadAction\",\"target\":[\"https:\\\/\\\/justseven.ro\\\/magazin\\\/product\\\/compass-2-mb\\\/\"]}]},{\"@type\":\"ImageObject\",\"inLanguage\":\"ro-RO\",\"@id\":\"https:\\\/\\\/justseven.ro\\\/magazin\\\/product\\\/compass-2-mb\\\/#primaryimage\",\"url\":\"https:\\\/\\\/justseven.ro\\\/magazin\\\/wp-content\\\/uploads\\\/2023\\\/05\\\/compass-mb.png\",\"contentUrl\":\"https:\\\/\\\/justseven.ro\\\/magazin\\\/wp-content\\\/uploads\\\/2023\\\/05\\\/compass-mb.png\",\"width\":545,\"height\":381,\"caption\":\"COMPASS 2 MB\"},{\"@type\":\"BreadcrumbList\",\"@id\":\"https:\\\/\\\/justseven.ro\\\/magazin\\\/product\\\/compass-2-mb\\\/#breadcrumb\",\"itemListElement\":[{\"@type\":\"ListItem\",\"position\":1,\"name\":\"Home\",\"item\":\"https:\\\/\\\/justseven.ro\\\/magazin\\\/\"},{\"@type\":\"ListItem\",\"position\":2,\"name\":\"Shop\",\"item\":\"https:\\\/\\\/justseven.ro\\\/magazin\\\/shop\\\/\"},{\"@type\":\"ListItem\",\"position\":3,\"name\":\"COMPASS 2 MB\"}]},{\"@type\":\"WebSite\",\"@id\":\"https:\\\/\\\/justseven.ro\\\/magazin\\\/#website\",\"url\":\"https:\\\/\\\/justseven.ro\\\/magazin\\\/\",\"name\":\"Just Seven\",\"description\":\"Magazin Online\",\"potentialAction\":[{\"@type\":\"SearchAction\",\"target\":{\"@type\":\"EntryPoint\",\"urlTemplate\":\"https:\\\/\\\/justseven.ro\\\/magazin\\\/?s={search_term_string}\"},\"query-input\":{\"@type\":\"PropertyValueSpecification\",\"valueRequired\":true,\"valueName\":\"search_term_string\"}}],\"inLanguage\":\"ro-RO\"}]}<\/script>\n<!-- \/ Yoast SEO plugin. -->","yoast_head_json":{"title":"COMPASS 2 MB - Just Seven","robots":{"index":"index","follow":"follow","max-snippet":"max-snippet:-1","max-image-preview":"max-image-preview:large","max-video-preview":"max-video-preview:-1"},"canonical":"https:\/\/justseven.ro\/magazin\/product\/compass-2-mb\/","og_locale":"ro_RO","og_type":"article","og_title":"COMPASS 2 MB - Just Seven","og_description":"Acest model \u00ee\u021bi pune afacerea pe hart\u0103! Aparatul Compass permite baristilor s\u0103 \u00ee\u0219i ating\u0103 \u00eentregul poten\u021bial creativ. Este instrumentul perfect","og_url":"https:\/\/justseven.ro\/magazin\/product\/compass-2-mb\/","og_site_name":"Just Seven","article_modified_time":"2025-10-23T06:50:33+00:00","og_image":[{"width":545,"height":381,"url":"https:\/\/justseven.ro\/magazin\/wp-content\/uploads\/2023\/05\/compass-mb.png","type":"image\/png"}],"twitter_card":"summary_large_image","schema":{"@context":"https:\/\/schema.org","@graph":[{"@type":"WebPage","@id":"https:\/\/justseven.ro\/magazin\/product\/compass-2-mb\/","url":"https:\/\/justseven.ro\/magazin\/product\/compass-2-mb\/","name":"COMPASS 2 MB - Just Seven","isPartOf":{"@id":"https:\/\/justseven.ro\/magazin\/#website"},"primaryImageOfPage":{"@id":"https:\/\/justseven.ro\/magazin\/product\/compass-2-mb\/#primaryimage"},"image":{"@id":"https:\/\/justseven.ro\/magazin\/product\/compass-2-mb\/#primaryimage"},"thumbnailUrl":"https:\/\/justseven.ro\/magazin\/wp-content\/uploads\/2023\/05\/compass-mb.png","datePublished":"2023-05-11T10:50:54+00:00","dateModified":"2025-10-23T06:50:33+00:00","breadcrumb":{"@id":"https:\/\/justseven.ro\/magazin\/product\/compass-2-mb\/#breadcrumb"},"inLanguage":"ro-RO","potentialAction":[{"@type":"ReadAction","target":["https:\/\/justseven.ro\/magazin\/product\/compass-2-mb\/"]}]},{"@type":"ImageObject","inLanguage":"ro-RO","@id":"https:\/\/justseven.ro\/magazin\/product\/compass-2-mb\/#primaryimage","url":"https:\/\/justseven.ro\/magazin\/wp-content\/uploads\/2023\/05\/compass-mb.png","contentUrl":"https:\/\/justseven.ro\/magazin\/wp-content\/uploads\/2023\/05\/compass-mb.png","width":545,"height":381,"caption":"COMPASS 2 MB"},{"@type":"BreadcrumbList","@id":"https:\/\/justseven.ro\/magazin\/product\/compass-2-mb\/#breadcrumb","itemListElement":[{"@type":"ListItem","position":1,"name":"Home","item":"https:\/\/justseven.ro\/magazin\/"},{"@type":"ListItem","position":2,"name":"Shop","item":"https:\/\/justseven.ro\/magazin\/shop\/"},{"@type":"ListItem","position":3,"name":"COMPASS 2 MB"}]},{"@type":"WebSite","@id":"https:\/\/justseven.ro\/magazin\/#website","url":"https:\/\/justseven.ro\/magazin\/","name":"Just Seven","description":"Magazin Online","potentialAction":[{"@type":"SearchAction","target":{"@type":"EntryPoint","urlTemplate":"https:\/\/justseven.ro\/magazin\/?s={search_term_string}"},"query-input":{"@type":"PropertyValueSpecification","valueRequired":true,"valueName":"search_term_string"}}],"inLanguage":"ro-RO"}]}},"_links":{"self":[{"href":"https:\/\/justseven.ro\/magazin\/wp-json\/wp\/v2\/product\/9867","targetHints":{"allow":["GET"]}}],"collection":[{"href":"https:\/\/justseven.ro\/magazin\/wp-json\/wp\/v2\/product"}],"about":[{"href":"https:\/\/justseven.ro\/magazin\/wp-json\/wp\/v2\/types\/product"}],"replies":[{"embeddable":true,"href":"https:\/\/justseven.ro\/magazin\/wp-json\/wp\/v2\/comments?post=9867"}],"version-history":[{"count":1,"href":"https:\/\/justseven.ro\/magazin\/wp-json\/wp\/v2\/product\/9867\/revisions"}],"predecessor-version":[{"id":9868,"href":"https:\/\/justseven.ro\/magazin\/wp-json\/wp\/v2\/product\/9867\/revisions\/9868"}],"wp:featuredmedia":[{"embeddable":true,"href":"https:\/\/justseven.ro\/magazin\/wp-json\/wp\/v2\/media\/9869"}],"wp:attachment":[{"href":"https:\/\/justseven.ro\/magazin\/wp-json\/wp\/v2\/media?parent=9867"}],"wp:term":[{"taxonomy":"product_brand","embeddable":true,"href":"https:\/\/justseven.ro\/magazin\/wp-json\/wp\/v2\/product_brand?post=9867"},{"taxonomy":"product_cat","embeddable":true,"href":"https:\/\/justseven.ro\/magazin\/wp-json\/wp\/v2\/product_cat?post=9867"},{"taxonomy":"product_tag","embeddable":true,"href":"https:\/\/justseven.ro\/magazin\/wp-json\/wp\/v2\/product_tag?post=9867"}],"curies":[{"name":"wp","href":"https:\/\/api.w.org\/{rel}","templated":true}]}}