{"id":9872,"date":"2023-05-11T10:50:54","date_gmt":"2023-05-11T10:50:54","guid":{"rendered":"https:\/\/justseven.ro\/magazin\/product\/cup-lid-dome\/"},"modified":"2025-10-22T12:40:41","modified_gmt":"2025-10-22T10:40:41","slug":"cup-lid-dome","status":"publish","type":"product","link":"https:\/\/justseven.ro\/magazin\/product\/cup-lid-dome\/","title":{"rendered":"Capace transparente 300ml\/400ml"},"content":{"rendered":"<p>Capacele bombate sunt concepute pentru a se potrivi perfect paharelor de b\u0103uturi reci sau calde. Aceste capace asigur\u0103 c\u0103 b\u0103uturile sunt transportate \u00een siguran\u021b\u0103, prevenind v\u0103rs\u0103rile \u0219i men\u021bin\u00e2nd temperatura \u0219i aroma b\u0103uturii.<\/p>\n","protected":false},"excerpt":{"rendered":"<p>Se vinde \u00een multiplu de 50buc<\/p>\n","protected":false},"featured_media":11093,"comment_status":"closed","ping_status":"closed","template":"","meta":[],"product_brand":[],"product_cat":[399],"product_tag":[430],"class_list":{"0":"post-9872","1":"product","2":"type-product","3":"status-publish","4":"has-post-thumbnail","6":"product_cat-consumabile","7":"product_tag-horeca","8":"pa_brand-jstseven","9":"pa_cantitate-300ml","10":"pa_cantitate-400ml","12":"first","13":"instock","14":"taxable","15":"shipping-taxable","16":"purchasable","17":"product-type-variable"},"yoast_head":"<!-- This site is optimized with the Yoast SEO plugin v27.4 - https:\/\/yoast.com\/product\/yoast-seo-wordpress\/ -->\n<title>Capace transparente 300ml\/400ml - Just Seven<\/title>\n<meta name=\"robots\" content=\"index, follow, max-snippet:-1, max-image-preview:large, max-video-preview:-1\" \/>\n<link rel=\"canonical\" href=\"https:\/\/justseven.ro\/magazin\/product\/cup-lid-dome\/\" \/>\n<meta property=\"og:locale\" content=\"ro_RO\" \/>\n<meta property=\"og:type\" content=\"article\" \/>\n<meta property=\"og:title\" content=\"Capace transparente 300ml\/400ml - Just Seven\" \/>\n<meta property=\"og:description\" content=\"Se vinde \u00een multiplu de 50buc\" \/>\n<meta property=\"og:url\" content=\"https:\/\/justseven.ro\/magazin\/product\/cup-lid-dome\/\" \/>\n<meta property=\"og:site_name\" content=\"Just Seven\" \/>\n<meta property=\"article:modified_time\" content=\"2025-10-22T10:40:41+00:00\" \/>\n<meta property=\"og:image\" content=\"https:\/\/justseven.ro\/magazin\/wp-content\/uploads\/2023\/12\/Justseven-HORECA-SOLUTIONS-48pg-bleed.pdf-3.png\" \/>\n\t<meta property=\"og:image:width\" content=\"1551\" \/>\n\t<meta property=\"og:image:height\" content=\"1084\" \/>\n\t<meta property=\"og:image:type\" content=\"image\/png\" \/>\n<meta name=\"twitter:card\" content=\"summary_large_image\" \/>\n<meta name=\"twitter:label1\" content=\"Timp estimat pentru citire\" \/>\n\t<meta name=\"twitter:data1\" content=\"1 minut\" \/>\n<script type=\"application\/ld+json\" class=\"yoast-schema-graph\">{\"@context\":\"https:\\\/\\\/schema.org\",\"@graph\":[{\"@type\":\"WebPage\",\"@id\":\"https:\\\/\\\/justseven.ro\\\/magazin\\\/product\\\/cup-lid-dome\\\/\",\"url\":\"https:\\\/\\\/justseven.ro\\\/magazin\\\/product\\\/cup-lid-dome\\\/\",\"name\":\"Capace transparente 300ml\\\/400ml - Just Seven\",\"isPartOf\":{\"@id\":\"https:\\\/\\\/justseven.ro\\\/magazin\\\/#website\"},\"primaryImageOfPage\":{\"@id\":\"https:\\\/\\\/justseven.ro\\\/magazin\\\/product\\\/cup-lid-dome\\\/#primaryimage\"},\"image\":{\"@id\":\"https:\\\/\\\/justseven.ro\\\/magazin\\\/product\\\/cup-lid-dome\\\/#primaryimage\"},\"thumbnailUrl\":\"https:\\\/\\\/justseven.ro\\\/magazin\\\/wp-content\\\/uploads\\\/2023\\\/12\\\/Justseven-HORECA-SOLUTIONS-48pg-bleed.pdf-3.png\",\"datePublished\":\"2023-05-11T10:50:54+00:00\",\"dateModified\":\"2025-10-22T10:40:41+00:00\",\"breadcrumb\":{\"@id\":\"https:\\\/\\\/justseven.ro\\\/magazin\\\/product\\\/cup-lid-dome\\\/#breadcrumb\"},\"inLanguage\":\"ro-RO\",\"potentialAction\":[{\"@type\":\"ReadAction\",\"target\":[\"https:\\\/\\\/justseven.ro\\\/magazin\\\/product\\\/cup-lid-dome\\\/\"]}]},{\"@type\":\"ImageObject\",\"inLanguage\":\"ro-RO\",\"@id\":\"https:\\\/\\\/justseven.ro\\\/magazin\\\/product\\\/cup-lid-dome\\\/#primaryimage\",\"url\":\"https:\\\/\\\/justseven.ro\\\/magazin\\\/wp-content\\\/uploads\\\/2023\\\/12\\\/Justseven-HORECA-SOLUTIONS-48pg-bleed.pdf-3.png\",\"contentUrl\":\"https:\\\/\\\/justseven.ro\\\/magazin\\\/wp-content\\\/uploads\\\/2023\\\/12\\\/Justseven-HORECA-SOLUTIONS-48pg-bleed.pdf-3.png\",\"width\":1551,\"height\":1084},{\"@type\":\"BreadcrumbList\",\"@id\":\"https:\\\/\\\/justseven.ro\\\/magazin\\\/product\\\/cup-lid-dome\\\/#breadcrumb\",\"itemListElement\":[{\"@type\":\"ListItem\",\"position\":1,\"name\":\"Home\",\"item\":\"https:\\\/\\\/justseven.ro\\\/magazin\\\/\"},{\"@type\":\"ListItem\",\"position\":2,\"name\":\"Shop\",\"item\":\"https:\\\/\\\/justseven.ro\\\/magazin\\\/shop\\\/\"},{\"@type\":\"ListItem\",\"position\":3,\"name\":\"Capace transparente 300ml\\\/400ml\"}]},{\"@type\":\"WebSite\",\"@id\":\"https:\\\/\\\/justseven.ro\\\/magazin\\\/#website\",\"url\":\"https:\\\/\\\/justseven.ro\\\/magazin\\\/\",\"name\":\"Just Seven\",\"description\":\"Magazin Online\",\"potentialAction\":[{\"@type\":\"SearchAction\",\"target\":{\"@type\":\"EntryPoint\",\"urlTemplate\":\"https:\\\/\\\/justseven.ro\\\/magazin\\\/?s={search_term_string}\"},\"query-input\":{\"@type\":\"PropertyValueSpecification\",\"valueRequired\":true,\"valueName\":\"search_term_string\"}}],\"inLanguage\":\"ro-RO\"}]}<\/script>\n<!-- \/ Yoast SEO plugin. -->","yoast_head_json":{"title":"Capace transparente 300ml\/400ml - Just Seven","robots":{"index":"index","follow":"follow","max-snippet":"max-snippet:-1","max-image-preview":"max-image-preview:large","max-video-preview":"max-video-preview:-1"},"canonical":"https:\/\/justseven.ro\/magazin\/product\/cup-lid-dome\/","og_locale":"ro_RO","og_type":"article","og_title":"Capace transparente 300ml\/400ml - Just Seven","og_description":"Se vinde \u00een multiplu de 50buc","og_url":"https:\/\/justseven.ro\/magazin\/product\/cup-lid-dome\/","og_site_name":"Just Seven","article_modified_time":"2025-10-22T10:40:41+00:00","og_image":[{"width":1551,"height":1084,"url":"https:\/\/justseven.ro\/magazin\/wp-content\/uploads\/2023\/12\/Justseven-HORECA-SOLUTIONS-48pg-bleed.pdf-3.png","type":"image\/png"}],"twitter_card":"summary_large_image","twitter_misc":{"Timp estimat pentru citire":"1 minut"},"schema":{"@context":"https:\/\/schema.org","@graph":[{"@type":"WebPage","@id":"https:\/\/justseven.ro\/magazin\/product\/cup-lid-dome\/","url":"https:\/\/justseven.ro\/magazin\/product\/cup-lid-dome\/","name":"Capace transparente 300ml\/400ml - Just Seven","isPartOf":{"@id":"https:\/\/justseven.ro\/magazin\/#website"},"primaryImageOfPage":{"@id":"https:\/\/justseven.ro\/magazin\/product\/cup-lid-dome\/#primaryimage"},"image":{"@id":"https:\/\/justseven.ro\/magazin\/product\/cup-lid-dome\/#primaryimage"},"thumbnailUrl":"https:\/\/justseven.ro\/magazin\/wp-content\/uploads\/2023\/12\/Justseven-HORECA-SOLUTIONS-48pg-bleed.pdf-3.png","datePublished":"2023-05-11T10:50:54+00:00","dateModified":"2025-10-22T10:40:41+00:00","breadcrumb":{"@id":"https:\/\/justseven.ro\/magazin\/product\/cup-lid-dome\/#breadcrumb"},"inLanguage":"ro-RO","potentialAction":[{"@type":"ReadAction","target":["https:\/\/justseven.ro\/magazin\/product\/cup-lid-dome\/"]}]},{"@type":"ImageObject","inLanguage":"ro-RO","@id":"https:\/\/justseven.ro\/magazin\/product\/cup-lid-dome\/#primaryimage","url":"https:\/\/justseven.ro\/magazin\/wp-content\/uploads\/2023\/12\/Justseven-HORECA-SOLUTIONS-48pg-bleed.pdf-3.png","contentUrl":"https:\/\/justseven.ro\/magazin\/wp-content\/uploads\/2023\/12\/Justseven-HORECA-SOLUTIONS-48pg-bleed.pdf-3.png","width":1551,"height":1084},{"@type":"BreadcrumbList","@id":"https:\/\/justseven.ro\/magazin\/product\/cup-lid-dome\/#breadcrumb","itemListElement":[{"@type":"ListItem","position":1,"name":"Home","item":"https:\/\/justseven.ro\/magazin\/"},{"@type":"ListItem","position":2,"name":"Shop","item":"https:\/\/justseven.ro\/magazin\/shop\/"},{"@type":"ListItem","position":3,"name":"Capace transparente 300ml\/400ml"}]},{"@type":"WebSite","@id":"https:\/\/justseven.ro\/magazin\/#website","url":"https:\/\/justseven.ro\/magazin\/","name":"Just Seven","description":"Magazin Online","potentialAction":[{"@type":"SearchAction","target":{"@type":"EntryPoint","urlTemplate":"https:\/\/justseven.ro\/magazin\/?s={search_term_string}"},"query-input":{"@type":"PropertyValueSpecification","valueRequired":true,"valueName":"search_term_string"}}],"inLanguage":"ro-RO"}]}},"_links":{"self":[{"href":"https:\/\/justseven.ro\/magazin\/wp-json\/wp\/v2\/product\/9872","targetHints":{"allow":["GET"]}}],"collection":[{"href":"https:\/\/justseven.ro\/magazin\/wp-json\/wp\/v2\/product"}],"about":[{"href":"https:\/\/justseven.ro\/magazin\/wp-json\/wp\/v2\/types\/product"}],"replies":[{"embeddable":true,"href":"https:\/\/justseven.ro\/magazin\/wp-json\/wp\/v2\/comments?post=9872"}],"version-history":[{"count":5,"href":"https:\/\/justseven.ro\/magazin\/wp-json\/wp\/v2\/product\/9872\/revisions"}],"predecessor-version":[{"id":11637,"href":"https:\/\/justseven.ro\/magazin\/wp-json\/wp\/v2\/product\/9872\/revisions\/11637"}],"wp:featuredmedia":[{"embeddable":true,"href":"https:\/\/justseven.ro\/magazin\/wp-json\/wp\/v2\/media\/11093"}],"wp:attachment":[{"href":"https:\/\/justseven.ro\/magazin\/wp-json\/wp\/v2\/media?parent=9872"}],"wp:term":[{"taxonomy":"product_brand","embeddable":true,"href":"https:\/\/justseven.ro\/magazin\/wp-json\/wp\/v2\/product_brand?post=9872"},{"taxonomy":"product_cat","embeddable":true,"href":"https:\/\/justseven.ro\/magazin\/wp-json\/wp\/v2\/product_cat?post=9872"},{"taxonomy":"product_tag","embeddable":true,"href":"https:\/\/justseven.ro\/magazin\/wp-json\/wp\/v2\/product_tag?post=9872"}],"curies":[{"name":"wp","href":"https:\/\/api.w.org\/{rel}","templated":true}]}}