{"id":9884,"date":"2023-05-11T10:50:54","date_gmt":"2023-05-11T10:50:54","guid":{"rendered":"https:\/\/justseven.ro\/magazin\/product\/hot-bevarage-cup\/"},"modified":"2025-10-22T12:44:26","modified_gmt":"2025-10-22T10:44:26","slug":"hot-bevarage-cup","status":"publish","type":"product","link":"https:\/\/justseven.ro\/magazin\/product\/hot-bevarage-cup\/","title":{"rendered":"Pahare cafea"},"content":{"rendered":"<p><span data-sheets-root=\"1\" data-sheets-value=\"{&quot;1&quot;:2,&quot;2&quot;:&quot;Paharele pentru b\u0103uturi calde sunt concepute pentru a men\u021bine temperatura \u0219i aroma cafelei, ceaiului sau a altor b\u0103uturi calde. Rezistente \u0219i confortabile la \u021binut \u00een m\u00e2n\u0103, aceste pahare sunt esen\u021biale \u00een orice loca\u021bie care serve\u0219te b\u0103uturi calde.&quot;}\" data-sheets-userformat=\"{&quot;2&quot;:899,&quot;3&quot;:{&quot;1&quot;:1},&quot;4&quot;:{&quot;1&quot;:2,&quot;2&quot;:16773836},&quot;10&quot;:0,&quot;11&quot;:3,&quot;12&quot;:0}\">Paharele pentru b\u0103uturi calde sunt concepute pentru a men\u021bine temperatura \u0219i aroma cafelei, ceaiului sau a altor b\u0103uturi calde. Rezistente \u0219i confortabile la \u021binut \u00een m\u00e2n\u0103, aceste pahare sunt esen\u021biale \u00een orice loca\u021bie care serve\u0219te b\u0103uturi calde.<\/span><\/p>\n","protected":false},"excerpt":{"rendered":"<p>Se vinde \u00een multiplu de 50buc<\/p>\n","protected":false},"featured_media":11088,"comment_status":"closed","ping_status":"closed","template":"","meta":[],"product_brand":[],"product_cat":[399],"product_tag":[],"class_list":{"0":"post-9884","1":"product","2":"type-product","3":"status-publish","4":"has-post-thumbnail","6":"product_cat-consumabile","7":"pa_brand-jstseven","9":"first","10":"instock","11":"taxable","12":"shipping-taxable","13":"purchasable","14":"product-type-variable"},"yoast_head":"<!-- This site is optimized with the Yoast SEO plugin v27.4 - https:\/\/yoast.com\/product\/yoast-seo-wordpress\/ -->\n<title>Pahare cafea - Just Seven<\/title>\n<meta name=\"robots\" content=\"index, follow, max-snippet:-1, max-image-preview:large, max-video-preview:-1\" \/>\n<link rel=\"canonical\" href=\"https:\/\/justseven.ro\/magazin\/product\/hot-bevarage-cup\/\" \/>\n<meta property=\"og:locale\" content=\"ro_RO\" \/>\n<meta property=\"og:type\" content=\"article\" \/>\n<meta property=\"og:title\" content=\"Pahare cafea - Just Seven\" \/>\n<meta property=\"og:description\" content=\"Se vinde \u00een multiplu de 50buc\" \/>\n<meta property=\"og:url\" content=\"https:\/\/justseven.ro\/magazin\/product\/hot-bevarage-cup\/\" \/>\n<meta property=\"og:site_name\" content=\"Just Seven\" \/>\n<meta property=\"article:modified_time\" content=\"2025-10-22T10:44:26+00:00\" \/>\n<meta property=\"og:image\" content=\"https:\/\/justseven.ro\/magazin\/wp-content\/uploads\/2023\/12\/Justseven-HORECA-SOLUTIONS-48pg-bleed.pdf-8.png\" \/>\n\t<meta property=\"og:image:width\" content=\"877\" \/>\n\t<meta property=\"og:image:height\" content=\"877\" \/>\n\t<meta property=\"og:image:type\" content=\"image\/png\" \/>\n<meta name=\"twitter:card\" content=\"summary_large_image\" \/>\n<meta name=\"twitter:label1\" content=\"Timp estimat pentru citire\" \/>\n\t<meta name=\"twitter:data1\" content=\"1 minut\" \/>\n<script type=\"application\/ld+json\" class=\"yoast-schema-graph\">{\"@context\":\"https:\\\/\\\/schema.org\",\"@graph\":[{\"@type\":\"WebPage\",\"@id\":\"https:\\\/\\\/justseven.ro\\\/magazin\\\/product\\\/hot-bevarage-cup\\\/\",\"url\":\"https:\\\/\\\/justseven.ro\\\/magazin\\\/product\\\/hot-bevarage-cup\\\/\",\"name\":\"Pahare cafea - Just Seven\",\"isPartOf\":{\"@id\":\"https:\\\/\\\/justseven.ro\\\/magazin\\\/#website\"},\"primaryImageOfPage\":{\"@id\":\"https:\\\/\\\/justseven.ro\\\/magazin\\\/product\\\/hot-bevarage-cup\\\/#primaryimage\"},\"image\":{\"@id\":\"https:\\\/\\\/justseven.ro\\\/magazin\\\/product\\\/hot-bevarage-cup\\\/#primaryimage\"},\"thumbnailUrl\":\"https:\\\/\\\/justseven.ro\\\/magazin\\\/wp-content\\\/uploads\\\/2023\\\/12\\\/Justseven-HORECA-SOLUTIONS-48pg-bleed.pdf-8.png\",\"datePublished\":\"2023-05-11T10:50:54+00:00\",\"dateModified\":\"2025-10-22T10:44:26+00:00\",\"breadcrumb\":{\"@id\":\"https:\\\/\\\/justseven.ro\\\/magazin\\\/product\\\/hot-bevarage-cup\\\/#breadcrumb\"},\"inLanguage\":\"ro-RO\",\"potentialAction\":[{\"@type\":\"ReadAction\",\"target\":[\"https:\\\/\\\/justseven.ro\\\/magazin\\\/product\\\/hot-bevarage-cup\\\/\"]}]},{\"@type\":\"ImageObject\",\"inLanguage\":\"ro-RO\",\"@id\":\"https:\\\/\\\/justseven.ro\\\/magazin\\\/product\\\/hot-bevarage-cup\\\/#primaryimage\",\"url\":\"https:\\\/\\\/justseven.ro\\\/magazin\\\/wp-content\\\/uploads\\\/2023\\\/12\\\/Justseven-HORECA-SOLUTIONS-48pg-bleed.pdf-8.png\",\"contentUrl\":\"https:\\\/\\\/justseven.ro\\\/magazin\\\/wp-content\\\/uploads\\\/2023\\\/12\\\/Justseven-HORECA-SOLUTIONS-48pg-bleed.pdf-8.png\",\"width\":877,\"height\":877},{\"@type\":\"BreadcrumbList\",\"@id\":\"https:\\\/\\\/justseven.ro\\\/magazin\\\/product\\\/hot-bevarage-cup\\\/#breadcrumb\",\"itemListElement\":[{\"@type\":\"ListItem\",\"position\":1,\"name\":\"Home\",\"item\":\"https:\\\/\\\/justseven.ro\\\/magazin\\\/\"},{\"@type\":\"ListItem\",\"position\":2,\"name\":\"Shop\",\"item\":\"https:\\\/\\\/justseven.ro\\\/magazin\\\/shop\\\/\"},{\"@type\":\"ListItem\",\"position\":3,\"name\":\"Pahare cafea\"}]},{\"@type\":\"WebSite\",\"@id\":\"https:\\\/\\\/justseven.ro\\\/magazin\\\/#website\",\"url\":\"https:\\\/\\\/justseven.ro\\\/magazin\\\/\",\"name\":\"Just Seven\",\"description\":\"Magazin Online\",\"potentialAction\":[{\"@type\":\"SearchAction\",\"target\":{\"@type\":\"EntryPoint\",\"urlTemplate\":\"https:\\\/\\\/justseven.ro\\\/magazin\\\/?s={search_term_string}\"},\"query-input\":{\"@type\":\"PropertyValueSpecification\",\"valueRequired\":true,\"valueName\":\"search_term_string\"}}],\"inLanguage\":\"ro-RO\"}]}<\/script>\n<!-- \/ Yoast SEO plugin. -->","yoast_head_json":{"title":"Pahare cafea - Just Seven","robots":{"index":"index","follow":"follow","max-snippet":"max-snippet:-1","max-image-preview":"max-image-preview:large","max-video-preview":"max-video-preview:-1"},"canonical":"https:\/\/justseven.ro\/magazin\/product\/hot-bevarage-cup\/","og_locale":"ro_RO","og_type":"article","og_title":"Pahare cafea - Just Seven","og_description":"Se vinde \u00een multiplu de 50buc","og_url":"https:\/\/justseven.ro\/magazin\/product\/hot-bevarage-cup\/","og_site_name":"Just Seven","article_modified_time":"2025-10-22T10:44:26+00:00","og_image":[{"width":877,"height":877,"url":"https:\/\/justseven.ro\/magazin\/wp-content\/uploads\/2023\/12\/Justseven-HORECA-SOLUTIONS-48pg-bleed.pdf-8.png","type":"image\/png"}],"twitter_card":"summary_large_image","twitter_misc":{"Timp estimat pentru citire":"1 minut"},"schema":{"@context":"https:\/\/schema.org","@graph":[{"@type":"WebPage","@id":"https:\/\/justseven.ro\/magazin\/product\/hot-bevarage-cup\/","url":"https:\/\/justseven.ro\/magazin\/product\/hot-bevarage-cup\/","name":"Pahare cafea - Just Seven","isPartOf":{"@id":"https:\/\/justseven.ro\/magazin\/#website"},"primaryImageOfPage":{"@id":"https:\/\/justseven.ro\/magazin\/product\/hot-bevarage-cup\/#primaryimage"},"image":{"@id":"https:\/\/justseven.ro\/magazin\/product\/hot-bevarage-cup\/#primaryimage"},"thumbnailUrl":"https:\/\/justseven.ro\/magazin\/wp-content\/uploads\/2023\/12\/Justseven-HORECA-SOLUTIONS-48pg-bleed.pdf-8.png","datePublished":"2023-05-11T10:50:54+00:00","dateModified":"2025-10-22T10:44:26+00:00","breadcrumb":{"@id":"https:\/\/justseven.ro\/magazin\/product\/hot-bevarage-cup\/#breadcrumb"},"inLanguage":"ro-RO","potentialAction":[{"@type":"ReadAction","target":["https:\/\/justseven.ro\/magazin\/product\/hot-bevarage-cup\/"]}]},{"@type":"ImageObject","inLanguage":"ro-RO","@id":"https:\/\/justseven.ro\/magazin\/product\/hot-bevarage-cup\/#primaryimage","url":"https:\/\/justseven.ro\/magazin\/wp-content\/uploads\/2023\/12\/Justseven-HORECA-SOLUTIONS-48pg-bleed.pdf-8.png","contentUrl":"https:\/\/justseven.ro\/magazin\/wp-content\/uploads\/2023\/12\/Justseven-HORECA-SOLUTIONS-48pg-bleed.pdf-8.png","width":877,"height":877},{"@type":"BreadcrumbList","@id":"https:\/\/justseven.ro\/magazin\/product\/hot-bevarage-cup\/#breadcrumb","itemListElement":[{"@type":"ListItem","position":1,"name":"Home","item":"https:\/\/justseven.ro\/magazin\/"},{"@type":"ListItem","position":2,"name":"Shop","item":"https:\/\/justseven.ro\/magazin\/shop\/"},{"@type":"ListItem","position":3,"name":"Pahare cafea"}]},{"@type":"WebSite","@id":"https:\/\/justseven.ro\/magazin\/#website","url":"https:\/\/justseven.ro\/magazin\/","name":"Just Seven","description":"Magazin Online","potentialAction":[{"@type":"SearchAction","target":{"@type":"EntryPoint","urlTemplate":"https:\/\/justseven.ro\/magazin\/?s={search_term_string}"},"query-input":{"@type":"PropertyValueSpecification","valueRequired":true,"valueName":"search_term_string"}}],"inLanguage":"ro-RO"}]}},"_links":{"self":[{"href":"https:\/\/justseven.ro\/magazin\/wp-json\/wp\/v2\/product\/9884","targetHints":{"allow":["GET"]}}],"collection":[{"href":"https:\/\/justseven.ro\/magazin\/wp-json\/wp\/v2\/product"}],"about":[{"href":"https:\/\/justseven.ro\/magazin\/wp-json\/wp\/v2\/types\/product"}],"replies":[{"embeddable":true,"href":"https:\/\/justseven.ro\/magazin\/wp-json\/wp\/v2\/comments?post=9884"}],"version-history":[{"count":5,"href":"https:\/\/justseven.ro\/magazin\/wp-json\/wp\/v2\/product\/9884\/revisions"}],"predecessor-version":[{"id":11617,"href":"https:\/\/justseven.ro\/magazin\/wp-json\/wp\/v2\/product\/9884\/revisions\/11617"}],"wp:featuredmedia":[{"embeddable":true,"href":"https:\/\/justseven.ro\/magazin\/wp-json\/wp\/v2\/media\/11088"}],"wp:attachment":[{"href":"https:\/\/justseven.ro\/magazin\/wp-json\/wp\/v2\/media?parent=9884"}],"wp:term":[{"taxonomy":"product_brand","embeddable":true,"href":"https:\/\/justseven.ro\/magazin\/wp-json\/wp\/v2\/product_brand?post=9884"},{"taxonomy":"product_cat","embeddable":true,"href":"https:\/\/justseven.ro\/magazin\/wp-json\/wp\/v2\/product_cat?post=9884"},{"taxonomy":"product_tag","embeddable":true,"href":"https:\/\/justseven.ro\/magazin\/wp-json\/wp\/v2\/product_tag?post=9884"}],"curies":[{"name":"wp","href":"https:\/\/api.w.org\/{rel}","templated":true}]}}