{"id":9967,"date":"2023-05-11T10:51:15","date_gmt":"2023-05-11T10:51:15","guid":{"rendered":"https:\/\/justseven.ro\/magazin\/product\/sticla-plastic-apa-cu-merisoare\/"},"modified":"2025-10-22T12:40:36","modified_gmt":"2025-10-22T10:40:36","slug":"sticla-plastic-apa-cu-merisoare","status":"publish","type":"product","link":"https:\/\/justseven.ro\/magazin\/product\/sticla-plastic-apa-cu-merisoare\/","title":{"rendered":"Sticla plastic &#8211; Apa cu merisoare"},"content":{"rendered":"<p>Apa cu arom\u0103 de meri\u0219oare Gasteiner \u00een sticl\u0103 de plastic combin\u0103 hidratarea pur\u0103 cu o not\u0103 delicat\u0103 de fructe. Aceast\u0103 ap\u0103 cu un strop de arom\u0103 natural\u0103 de meri\u0219oare este o alternativ\u0103 r\u0103coritoare \u0219i s\u0103n\u0103toas\u0103 la b\u0103uturile dulci. Ambalat\u0103 \u00eentr-o sticl\u0103 de plastic convenabil\u0103, este perfect\u0103 pentru a v\u0103 \u00eenso\u021bi \u00een activit\u0103\u021bile zilnice, oferindu-v\u0103 o experien\u021b\u0103 de hidratare pl\u0103cut\u0103 \u0219i aromat\u0103.<\/p>\n","protected":false},"excerpt":{"rendered":"<p>Pre\u021bul include garan\u021bia SGR de 0.50 lei<\/p>\n","protected":false},"featured_media":11105,"comment_status":"closed","ping_status":"closed","template":"","meta":[],"product_brand":[],"product_cat":[400],"product_tag":[430],"class_list":{"0":"post-9967","1":"product","2":"type-product","3":"status-publish","4":"has-post-thumbnail","6":"product_cat-racoritoare","7":"product_tag-horeca","8":"pa_brand-gasteiner","10":"first","11":"instock","12":"taxable","13":"shipping-taxable","14":"purchasable","15":"product-type-simple"},"yoast_head":"<!-- This site is optimized with the Yoast SEO plugin v27.4 - https:\/\/yoast.com\/product\/yoast-seo-wordpress\/ -->\n<title>Sticla plastic - Apa cu merisoare - Just Seven<\/title>\n<meta name=\"robots\" content=\"index, follow, max-snippet:-1, max-image-preview:large, max-video-preview:-1\" \/>\n<link rel=\"canonical\" href=\"https:\/\/justseven.ro\/magazin\/product\/sticla-plastic-apa-cu-merisoare\/\" \/>\n<meta property=\"og:locale\" content=\"ro_RO\" \/>\n<meta property=\"og:type\" content=\"article\" \/>\n<meta property=\"og:title\" content=\"Sticla plastic - Apa cu merisoare - Just Seven\" \/>\n<meta property=\"og:description\" content=\"Pre\u021bul include garan\u021bia SGR de 0.50 lei\" \/>\n<meta property=\"og:url\" content=\"https:\/\/justseven.ro\/magazin\/product\/sticla-plastic-apa-cu-merisoare\/\" \/>\n<meta property=\"og:site_name\" content=\"Just Seven\" \/>\n<meta property=\"article:modified_time\" content=\"2025-10-22T10:40:36+00:00\" \/>\n<meta property=\"og:image\" content=\"https:\/\/justseven.ro\/magazin\/wp-content\/uploads\/2023\/12\/Justseven-HORECA-SOLUTIONS-48pg-bleed.pdf-19.png\" \/>\n\t<meta property=\"og:image:width\" content=\"990\" \/>\n\t<meta property=\"og:image:height\" content=\"1271\" \/>\n\t<meta property=\"og:image:type\" content=\"image\/png\" \/>\n<meta name=\"twitter:card\" content=\"summary_large_image\" \/>\n<meta name=\"twitter:label1\" content=\"Timp estimat pentru citire\" \/>\n\t<meta name=\"twitter:data1\" content=\"1 minut\" \/>\n<script type=\"application\/ld+json\" class=\"yoast-schema-graph\">{\"@context\":\"https:\\\/\\\/schema.org\",\"@graph\":[{\"@type\":\"WebPage\",\"@id\":\"https:\\\/\\\/justseven.ro\\\/magazin\\\/product\\\/sticla-plastic-apa-cu-merisoare\\\/\",\"url\":\"https:\\\/\\\/justseven.ro\\\/magazin\\\/product\\\/sticla-plastic-apa-cu-merisoare\\\/\",\"name\":\"Sticla plastic - Apa cu merisoare - Just Seven\",\"isPartOf\":{\"@id\":\"https:\\\/\\\/justseven.ro\\\/magazin\\\/#website\"},\"primaryImageOfPage\":{\"@id\":\"https:\\\/\\\/justseven.ro\\\/magazin\\\/product\\\/sticla-plastic-apa-cu-merisoare\\\/#primaryimage\"},\"image\":{\"@id\":\"https:\\\/\\\/justseven.ro\\\/magazin\\\/product\\\/sticla-plastic-apa-cu-merisoare\\\/#primaryimage\"},\"thumbnailUrl\":\"https:\\\/\\\/justseven.ro\\\/magazin\\\/wp-content\\\/uploads\\\/2023\\\/12\\\/Justseven-HORECA-SOLUTIONS-48pg-bleed.pdf-19.png\",\"datePublished\":\"2023-05-11T10:51:15+00:00\",\"dateModified\":\"2025-10-22T10:40:36+00:00\",\"breadcrumb\":{\"@id\":\"https:\\\/\\\/justseven.ro\\\/magazin\\\/product\\\/sticla-plastic-apa-cu-merisoare\\\/#breadcrumb\"},\"inLanguage\":\"ro-RO\",\"potentialAction\":[{\"@type\":\"ReadAction\",\"target\":[\"https:\\\/\\\/justseven.ro\\\/magazin\\\/product\\\/sticla-plastic-apa-cu-merisoare\\\/\"]}]},{\"@type\":\"ImageObject\",\"inLanguage\":\"ro-RO\",\"@id\":\"https:\\\/\\\/justseven.ro\\\/magazin\\\/product\\\/sticla-plastic-apa-cu-merisoare\\\/#primaryimage\",\"url\":\"https:\\\/\\\/justseven.ro\\\/magazin\\\/wp-content\\\/uploads\\\/2023\\\/12\\\/Justseven-HORECA-SOLUTIONS-48pg-bleed.pdf-19.png\",\"contentUrl\":\"https:\\\/\\\/justseven.ro\\\/magazin\\\/wp-content\\\/uploads\\\/2023\\\/12\\\/Justseven-HORECA-SOLUTIONS-48pg-bleed.pdf-19.png\",\"width\":990,\"height\":1271},{\"@type\":\"BreadcrumbList\",\"@id\":\"https:\\\/\\\/justseven.ro\\\/magazin\\\/product\\\/sticla-plastic-apa-cu-merisoare\\\/#breadcrumb\",\"itemListElement\":[{\"@type\":\"ListItem\",\"position\":1,\"name\":\"Home\",\"item\":\"https:\\\/\\\/justseven.ro\\\/magazin\\\/\"},{\"@type\":\"ListItem\",\"position\":2,\"name\":\"Shop\",\"item\":\"https:\\\/\\\/justseven.ro\\\/magazin\\\/shop\\\/\"},{\"@type\":\"ListItem\",\"position\":3,\"name\":\"Sticla plastic &#8211; Apa cu merisoare\"}]},{\"@type\":\"WebSite\",\"@id\":\"https:\\\/\\\/justseven.ro\\\/magazin\\\/#website\",\"url\":\"https:\\\/\\\/justseven.ro\\\/magazin\\\/\",\"name\":\"Just Seven\",\"description\":\"Magazin Online\",\"potentialAction\":[{\"@type\":\"SearchAction\",\"target\":{\"@type\":\"EntryPoint\",\"urlTemplate\":\"https:\\\/\\\/justseven.ro\\\/magazin\\\/?s={search_term_string}\"},\"query-input\":{\"@type\":\"PropertyValueSpecification\",\"valueRequired\":true,\"valueName\":\"search_term_string\"}}],\"inLanguage\":\"ro-RO\"}]}<\/script>\n<!-- \/ Yoast SEO plugin. -->","yoast_head_json":{"title":"Sticla plastic - Apa cu merisoare - Just Seven","robots":{"index":"index","follow":"follow","max-snippet":"max-snippet:-1","max-image-preview":"max-image-preview:large","max-video-preview":"max-video-preview:-1"},"canonical":"https:\/\/justseven.ro\/magazin\/product\/sticla-plastic-apa-cu-merisoare\/","og_locale":"ro_RO","og_type":"article","og_title":"Sticla plastic - Apa cu merisoare - Just Seven","og_description":"Pre\u021bul include garan\u021bia SGR de 0.50 lei","og_url":"https:\/\/justseven.ro\/magazin\/product\/sticla-plastic-apa-cu-merisoare\/","og_site_name":"Just Seven","article_modified_time":"2025-10-22T10:40:36+00:00","og_image":[{"width":990,"height":1271,"url":"https:\/\/justseven.ro\/magazin\/wp-content\/uploads\/2023\/12\/Justseven-HORECA-SOLUTIONS-48pg-bleed.pdf-19.png","type":"image\/png"}],"twitter_card":"summary_large_image","twitter_misc":{"Timp estimat pentru citire":"1 minut"},"schema":{"@context":"https:\/\/schema.org","@graph":[{"@type":"WebPage","@id":"https:\/\/justseven.ro\/magazin\/product\/sticla-plastic-apa-cu-merisoare\/","url":"https:\/\/justseven.ro\/magazin\/product\/sticla-plastic-apa-cu-merisoare\/","name":"Sticla plastic - Apa cu merisoare - Just Seven","isPartOf":{"@id":"https:\/\/justseven.ro\/magazin\/#website"},"primaryImageOfPage":{"@id":"https:\/\/justseven.ro\/magazin\/product\/sticla-plastic-apa-cu-merisoare\/#primaryimage"},"image":{"@id":"https:\/\/justseven.ro\/magazin\/product\/sticla-plastic-apa-cu-merisoare\/#primaryimage"},"thumbnailUrl":"https:\/\/justseven.ro\/magazin\/wp-content\/uploads\/2023\/12\/Justseven-HORECA-SOLUTIONS-48pg-bleed.pdf-19.png","datePublished":"2023-05-11T10:51:15+00:00","dateModified":"2025-10-22T10:40:36+00:00","breadcrumb":{"@id":"https:\/\/justseven.ro\/magazin\/product\/sticla-plastic-apa-cu-merisoare\/#breadcrumb"},"inLanguage":"ro-RO","potentialAction":[{"@type":"ReadAction","target":["https:\/\/justseven.ro\/magazin\/product\/sticla-plastic-apa-cu-merisoare\/"]}]},{"@type":"ImageObject","inLanguage":"ro-RO","@id":"https:\/\/justseven.ro\/magazin\/product\/sticla-plastic-apa-cu-merisoare\/#primaryimage","url":"https:\/\/justseven.ro\/magazin\/wp-content\/uploads\/2023\/12\/Justseven-HORECA-SOLUTIONS-48pg-bleed.pdf-19.png","contentUrl":"https:\/\/justseven.ro\/magazin\/wp-content\/uploads\/2023\/12\/Justseven-HORECA-SOLUTIONS-48pg-bleed.pdf-19.png","width":990,"height":1271},{"@type":"BreadcrumbList","@id":"https:\/\/justseven.ro\/magazin\/product\/sticla-plastic-apa-cu-merisoare\/#breadcrumb","itemListElement":[{"@type":"ListItem","position":1,"name":"Home","item":"https:\/\/justseven.ro\/magazin\/"},{"@type":"ListItem","position":2,"name":"Shop","item":"https:\/\/justseven.ro\/magazin\/shop\/"},{"@type":"ListItem","position":3,"name":"Sticla plastic &#8211; Apa cu merisoare"}]},{"@type":"WebSite","@id":"https:\/\/justseven.ro\/magazin\/#website","url":"https:\/\/justseven.ro\/magazin\/","name":"Just Seven","description":"Magazin Online","potentialAction":[{"@type":"SearchAction","target":{"@type":"EntryPoint","urlTemplate":"https:\/\/justseven.ro\/magazin\/?s={search_term_string}"},"query-input":{"@type":"PropertyValueSpecification","valueRequired":true,"valueName":"search_term_string"}}],"inLanguage":"ro-RO"}]}},"_links":{"self":[{"href":"https:\/\/justseven.ro\/magazin\/wp-json\/wp\/v2\/product\/9967","targetHints":{"allow":["GET"]}}],"collection":[{"href":"https:\/\/justseven.ro\/magazin\/wp-json\/wp\/v2\/product"}],"about":[{"href":"https:\/\/justseven.ro\/magazin\/wp-json\/wp\/v2\/types\/product"}],"replies":[{"embeddable":true,"href":"https:\/\/justseven.ro\/magazin\/wp-json\/wp\/v2\/comments?post=9967"}],"version-history":[{"count":3,"href":"https:\/\/justseven.ro\/magazin\/wp-json\/wp\/v2\/product\/9967\/revisions"}],"predecessor-version":[{"id":11665,"href":"https:\/\/justseven.ro\/magazin\/wp-json\/wp\/v2\/product\/9967\/revisions\/11665"}],"wp:featuredmedia":[{"embeddable":true,"href":"https:\/\/justseven.ro\/magazin\/wp-json\/wp\/v2\/media\/11105"}],"wp:attachment":[{"href":"https:\/\/justseven.ro\/magazin\/wp-json\/wp\/v2\/media?parent=9967"}],"wp:term":[{"taxonomy":"product_brand","embeddable":true,"href":"https:\/\/justseven.ro\/magazin\/wp-json\/wp\/v2\/product_brand?post=9967"},{"taxonomy":"product_cat","embeddable":true,"href":"https:\/\/justseven.ro\/magazin\/wp-json\/wp\/v2\/product_cat?post=9967"},{"taxonomy":"product_tag","embeddable":true,"href":"https:\/\/justseven.ro\/magazin\/wp-json\/wp\/v2\/product_tag?post=9967"}],"curies":[{"name":"wp","href":"https:\/\/api.w.org\/{rel}","templated":true}]}}